{"id":19,"date":"2023-03-30T20:54:11","date_gmt":"2023-03-30T18:54:11","guid":{"rendered":"https:\/\/kltravel.eu\/?page_id=19"},"modified":"2023-04-01T15:06:45","modified_gmt":"2023-04-01T13:06:45","slug":"who-are-we","status":"publish","type":"page","link":"https:\/\/kltravel.eu\/index.php\/who-are-we\/","title":{"rendered":"Who are we?"},"content":{"rendered":"\n<div class=\"wp-block-columns is-layout-flex wp-container-core-columns-is-layout-9d6595d7 wp-block-columns-is-layout-flex\">\n<div class=\"wp-block-column is-layout-flow wp-block-column-is-layout-flow\"><\/div>\n<\/div>\n\n\n\n<p>In our offer you can find hotels classified into the highest category as well as common hotels, hostels or private accommodation. We will arrange for you any accommodation per your specified requirements, no matter whether you travel to discover new places, do sports, make business in trade fairs or organize company events.<\/p>\n\n\n\n<p>In the sector of transport we focus on group bus transport; nevertheless, we also offer arrangement of air or ferry transport.<\/p>\n\n\n\n<p>For our clients we also render other travel services such as arrangement of tickets to museums, galleries, sport events, sightseeing tours to sport stadia, visits to theaters and social events or sale of maps and guidebooks.<\/p>\n\n\n\n<p>Just send us a non-obligatory order and we will inform you about topical offers meeting your requirements by return.<\/p>\n\n\n\n<p>We are looking forward to our co-operation!<\/p>\n\n\n\n<div class=\"wp-block-columns are-vertically-aligned-top is-layout-flex wp-container-core-columns-is-layout-9d6595d7 wp-block-columns-is-layout-flex\">\n<div class=\"wp-block-column is-layout-flow wp-block-column-is-layout-flow\"><\/div>\n<\/div>\n","protected":false},"excerpt":{"rendered":"<p>In our offer you can find hotels classified into the highest category as well as common hotels, hostels or private accommodation. We will arrange for you any accommodation per your specified requirements, no matter whether you travel to discover new places, do sports, make business in trade fairs or organize company events. In the sector&#8230;<\/p>\n","protected":false},"author":2,"featured_media":0,"parent":0,"menu_order":0,"comment_status":"closed","ping_status":"closed","template":"","meta":{"_kadence_starter_templates_imported_post":false,"_kad_post_transparent":"default","_kad_post_title":"default","_kad_post_layout":"default","_kad_post_sidebar_id":"","_kad_post_content_style":"default","_kad_post_vertical_padding":"","_kad_post_feature":"hide","_kad_post_feature_position":"","_kad_post_header":false,"_kad_post_footer":false,"_kad_post_classname":"","footnotes":""},"class_list":["post-19","page","type-page","status-publish","hentry"],"yoast_head":"<!-- This site is optimized with the Yoast SEO plugin v27.4 - https:\/\/yoast.com\/product\/yoast-seo-wordpress\/ -->\n<title>Who are we? - KL Travel<\/title>\n<meta name=\"robots\" content=\"index, follow, max-snippet:-1, max-image-preview:large, max-video-preview:-1\" \/>\n<link rel=\"canonical\" href=\"https:\/\/kltravel.eu\/index.php\/who-are-we\/\" \/>\n<meta property=\"og:locale\" content=\"cs_CZ\" \/>\n<meta property=\"og:type\" content=\"article\" \/>\n<meta property=\"og:title\" content=\"Who are we? - KL Travel\" \/>\n<meta property=\"og:description\" content=\"In our offer you can find hotels classified into the highest category as well as common hotels, hostels or private accommodation. We will arrange for you any accommodation per your specified requirements, no matter whether you travel to discover new places, do sports, make business in trade fairs or organize company events. In the sector...\" \/>\n<meta property=\"og:url\" content=\"https:\/\/kltravel.eu\/index.php\/who-are-we\/\" \/>\n<meta property=\"og:site_name\" content=\"KL Travel\" \/>\n<meta property=\"article:modified_time\" content=\"2023-04-01T13:06:45+00:00\" \/>\n<meta name=\"twitter:card\" content=\"summary_large_image\" \/>\n<meta name=\"twitter:label1\" content=\"Odhadovan\u00e1 doba \u010dten\u00ed\" \/>\n\t<meta name=\"twitter:data1\" content=\"1 minuta\" \/>\n<script type=\"application\/ld+json\" class=\"yoast-schema-graph\">{\"@context\":\"https:\\\/\\\/schema.org\",\"@graph\":[{\"@type\":\"WebPage\",\"@id\":\"https:\\\/\\\/kltravel.eu\\\/index.php\\\/who-are-we\\\/\",\"url\":\"https:\\\/\\\/kltravel.eu\\\/index.php\\\/who-are-we\\\/\",\"name\":\"Who are we? - KL Travel\",\"isPartOf\":{\"@id\":\"https:\\\/\\\/kltravel.eu\\\/#website\"},\"datePublished\":\"2023-03-30T18:54:11+00:00\",\"dateModified\":\"2023-04-01T13:06:45+00:00\",\"breadcrumb\":{\"@id\":\"https:\\\/\\\/kltravel.eu\\\/index.php\\\/who-are-we\\\/#breadcrumb\"},\"inLanguage\":\"cs\",\"potentialAction\":[{\"@type\":\"ReadAction\",\"target\":[\"https:\\\/\\\/kltravel.eu\\\/index.php\\\/who-are-we\\\/\"]}]},{\"@type\":\"BreadcrumbList\",\"@id\":\"https:\\\/\\\/kltravel.eu\\\/index.php\\\/who-are-we\\\/#breadcrumb\",\"itemListElement\":[{\"@type\":\"ListItem\",\"position\":1,\"name\":\"Home\",\"item\":\"https:\\\/\\\/kltravel.eu\\\/\"},{\"@type\":\"ListItem\",\"position\":2,\"name\":\"Who are we?\"}]},{\"@type\":\"WebSite\",\"@id\":\"https:\\\/\\\/kltravel.eu\\\/#website\",\"url\":\"https:\\\/\\\/kltravel.eu\\\/\",\"name\":\"kltravel.eu\",\"description\":\"\",\"potentialAction\":[{\"@type\":\"SearchAction\",\"target\":{\"@type\":\"EntryPoint\",\"urlTemplate\":\"https:\\\/\\\/kltravel.eu\\\/?s={search_term_string}\"},\"query-input\":{\"@type\":\"PropertyValueSpecification\",\"valueRequired\":true,\"valueName\":\"search_term_string\"}}],\"inLanguage\":\"cs\"}]}<\/script>\n<!-- \/ Yoast SEO plugin. -->","yoast_head_json":{"title":"Who are we? - KL Travel","robots":{"index":"index","follow":"follow","max-snippet":"max-snippet:-1","max-image-preview":"max-image-preview:large","max-video-preview":"max-video-preview:-1"},"canonical":"https:\/\/kltravel.eu\/index.php\/who-are-we\/","og_locale":"cs_CZ","og_type":"article","og_title":"Who are we? - KL Travel","og_description":"In our offer you can find hotels classified into the highest category as well as common hotels, hostels or private accommodation. We will arrange for you any accommodation per your specified requirements, no matter whether you travel to discover new places, do sports, make business in trade fairs or organize company events. In the sector...","og_url":"https:\/\/kltravel.eu\/index.php\/who-are-we\/","og_site_name":"KL Travel","article_modified_time":"2023-04-01T13:06:45+00:00","twitter_card":"summary_large_image","twitter_misc":{"Odhadovan\u00e1 doba \u010dten\u00ed":"1 minuta"},"schema":{"@context":"https:\/\/schema.org","@graph":[{"@type":"WebPage","@id":"https:\/\/kltravel.eu\/index.php\/who-are-we\/","url":"https:\/\/kltravel.eu\/index.php\/who-are-we\/","name":"Who are we? - KL Travel","isPartOf":{"@id":"https:\/\/kltravel.eu\/#website"},"datePublished":"2023-03-30T18:54:11+00:00","dateModified":"2023-04-01T13:06:45+00:00","breadcrumb":{"@id":"https:\/\/kltravel.eu\/index.php\/who-are-we\/#breadcrumb"},"inLanguage":"cs","potentialAction":[{"@type":"ReadAction","target":["https:\/\/kltravel.eu\/index.php\/who-are-we\/"]}]},{"@type":"BreadcrumbList","@id":"https:\/\/kltravel.eu\/index.php\/who-are-we\/#breadcrumb","itemListElement":[{"@type":"ListItem","position":1,"name":"Home","item":"https:\/\/kltravel.eu\/"},{"@type":"ListItem","position":2,"name":"Who are we?"}]},{"@type":"WebSite","@id":"https:\/\/kltravel.eu\/#website","url":"https:\/\/kltravel.eu\/","name":"kltravel.eu","description":"","potentialAction":[{"@type":"SearchAction","target":{"@type":"EntryPoint","urlTemplate":"https:\/\/kltravel.eu\/?s={search_term_string}"},"query-input":{"@type":"PropertyValueSpecification","valueRequired":true,"valueName":"search_term_string"}}],"inLanguage":"cs"}]}},"_links":{"self":[{"href":"https:\/\/kltravel.eu\/index.php\/wp-json\/wp\/v2\/pages\/19","targetHints":{"allow":["GET"]}}],"collection":[{"href":"https:\/\/kltravel.eu\/index.php\/wp-json\/wp\/v2\/pages"}],"about":[{"href":"https:\/\/kltravel.eu\/index.php\/wp-json\/wp\/v2\/types\/page"}],"author":[{"embeddable":true,"href":"https:\/\/kltravel.eu\/index.php\/wp-json\/wp\/v2\/users\/2"}],"replies":[{"embeddable":true,"href":"https:\/\/kltravel.eu\/index.php\/wp-json\/wp\/v2\/comments?post=19"}],"version-history":[{"count":20,"href":"https:\/\/kltravel.eu\/index.php\/wp-json\/wp\/v2\/pages\/19\/revisions"}],"predecessor-version":[{"id":177,"href":"https:\/\/kltravel.eu\/index.php\/wp-json\/wp\/v2\/pages\/19\/revisions\/177"}],"wp:attachment":[{"href":"https:\/\/kltravel.eu\/index.php\/wp-json\/wp\/v2\/media?parent=19"}],"curies":[{"name":"wp","href":"https:\/\/api.w.org\/{rel}","templated":true}]}}